 80 and r.
20
Let a(w) = -w + 25. Let t be a(9). Calculate the highest common factor of 4 and t.
4
Let l(t) = -t**2 - 9*t + 10. Let u be l(-10). Suppose -p + 5*p - 324 = u. Let a = 151 - p. Calculate the highest common factor of a and 14.
14
Let z(h) = -h**3 - 5*h**2 - 2*h - 2. Let k be (-114)/22 - (-4)/22. Let n be z(k). Calculate the greatest common divisor of 20 and n.
4
Suppose -z + 394 = 86. Let g(p) = 11*p**2 - 43*p + 40. Let v be g(4). Calculate the highest common factor of z and v.
44
Let y be (-4)/14 - ((-21300)/(-14))/(-5). Calculate the highest common divisor of y and 8.
8
Let l(o) = 2*o**2 - 8*o + 6. Let u be l(7). Let k = u + -28. What is the greatest common divisor of k and 20?
20
Suppose 2*r + r - 546 = 0. Suppose 0 = 12*d + d + 1573. Let g = 147 + d. What is the greatest common divisor of r and g?
26
Suppose -12 = -k - k. Suppose -2*y + 0*y + 3*l + 15 = 0, -3*l = 5*y - 27. Calculate the highest common divisor of y and k.
6
Let h be (-33 + -2)*1 + 2. Let s be (-1)/(-3)*-1 + (-9515)/h. Calculate the greatest common divisor of 48 and s.
48
Let d be 20/(-8) - 44/(-8). Suppose -f - 3*k + 128 = d*f, 2*f - 74 = -4*k. What is the highest common divisor of f and 87?
29
Let u be (-3 - (-2 + 0))/(-1). Suppose r + 102 = 5*c, -38 = 3*c - 5*c - r. Let h be c/90 - 61/(-9). Calculate the highest common divisor of h and u.
1
Let f(a) = -20*a - 19*a - 12*a**3 + 2 + 42*a + 2*a**2. Let u be f(-2). Calculate the highest common factor of 25 and u.
25
Suppose -4 = -7*u + 10. Suppose 4*a + 32 = 6*a - u*g, 2*a - 32 = -3*g. Let y(l) = -42*l + 2. Let z be y(-3). What is the highest common factor of z and a?
16
Let d be 0 + -1 + 86*1. Let z(g) = 2*g**2 - 7*g - 47. Let a be z(11). Suppose -16 = 3*o - a. What is the highest common divisor of o and d?
17
Suppose 12*s = 2*c + 15*s - 35, s = 1. Suppose u - 34 = 3*y - 7*y, -5*u = -10. Calculate the highest common factor of y and c.
8
Let g = -87 + 82. Let r(x) = -x**3 + 4*x**2 - 2*x + 5. Let b be r(4). Let v = b - g. What is the greatest common divisor of v and 4?
2
Let w = -287 - -512. Calculate the greatest common divisor of w and 100.
25
Let q(g) be the first derivative of -2*g**2 + 10. Let b be q(3). Let a = b - -31. Calculate the greatest common factor of a and 209.
19
Let m = -17 + 20. Let z be m/(-2 + 50/22). Suppose y = -4*i + 89, 1 - 2 = -y. Calculate the greatest common factor of i and z.
11
Let y be 1 + -2 + (287 - 0). Suppose -5*z - 93 = -3*n, 54 = -n + 4*z + 92. Calculate the greatest common factor of n and y.
26
Let w = 1 - -3. Suppose 3*i = 39 - 12. Let k = 19 - i. What is the greatest common factor of k and w?
2
Let d = 8 - 0. Suppose -3*t + 89 + 1 = 0. Let r = t - d. Calculate the greatest common divisor of r and 110.
22
Suppose -8*o - 2*n = -5*o + 18, -4*o = -3*n + 7. Let v be (-31)/o + 2/8. Calculate the highest common divisor of v and 72.
8
Suppose -112*l = -102*l - 320. What is the greatest common divisor of l and 6?
2
Suppose 1726 = 5*h + x, -7*h + 1031 = -4*h - 4*x. What is the greatest common factor of 46 and h?
23
Let f(u) = -u**2 - 7*u + 8. Suppose 5*b + 20 = -10. Let h be f(b). Let x = -8 + h. What is the greatest common divisor of 2 and x?
2
Let i be (-1)/4 + (-194)/(-8). Let h = i + -21. Suppose -h + 37 = 2*a. Calculate the greatest common factor of 136 and a.
17
Suppose -9*u = -828 - 324. What is the highest common divisor of 4 and u?
4
Suppose 15*a = 4*a + 462. What is the greatest common factor of 18 and a?
6
Suppose a - 14 = -0*a. Let k = -2 + a. Let t(f) = f**3 + 5*f**2 - 2*f. Let y be t(-4). What is the greatest common divisor of k and y?
12
Let j = -344 + 360. Calculate the greatest common factor of j and 8.
8
Suppose 4*s = 277 + 227. Suppose 0 = -4*c + 3*w + s, 2*c - 128 = -2*c + 4*w. Calculate the greatest common divisor of c and 6.
6
Let y be -1*(-285 + 6 + 15). Suppose 3*p + 21 = s, 5*p - 4*p + 95 = 4*s. What is the highest common divisor of s and y?
24
Suppose c = 13*c - 1200. What is the highest common divisor of 30 and c?
10
Let x = 10 - 7. Suppose -x*a - 3 = -0, 13 = 2*r - a. Let f(n) = n**3 - 2*n**2 + 3. Let l be f(2). Calculate the greatest common factor of r and l.
3
Suppose 5*j + 39*p - 786 = 35*p, 0 = -3*j + p + 475. Calculate the highest common divisor of j and 395.
79
Let k = 627 + -129. Calculate the greatest common factor of 6 and k.
6
Suppose -4*m + 2*k = -60, 2*m - 5*k - 42 = -k. Let r = -64 - -77. What is the greatest common factor of r and m?
13
Let i(v) = 5*v + 5. Let c be i(4). Let t = -15 + c. What is the greatest common divisor of 40 and t?
10
Let v = 15 + -8. Let z = 16 - v. Calculate the highest common factor of 9 and z.
9
Suppose -4*p + 16 = -2*p. Let o(a) = 20*a - 8. Suppose -5*u = -0*u - 20. Let b be o(u). What is the greatest common divisor of p and b?
8
Let b = -20 - -70. Suppose -3*m + 114 = 2*s, -s - 6*m + b = -m. What is the greatest common factor of s and 20?
20
Suppose 2*d - 69*o - 42 = -68*o, 3*o = -5*d + 94. Calculate the greatest common divisor of 70 and d.
10
Suppose 0*i = -5*l + 3*i - 445, -l + 4*i = 89. Let h = l - -125. Calculate the highest common divisor of 27 and h.
9
Let m(s) = s**2 + 7*s - 20. Let c be m(-9). Let p be (c + -16)*10/20. Let g = 4 - p. Calculate the highest common factor of g and 78.
13
Let z(t) = -3*t**2 + 73*t - 21. Let k be z(22). Calculate the highest common divisor of k and 171.
19
Let u(g) = g**2 - 18*g + 25. Let o be u(11). Let a = o + 88. What is the greatest common factor of a and 9?
9
Let w be 0/((-11)/4 - (-7)/(-28)). Let u(v) = -v**3 - 2*v + 8. Let r be u(w). Calculate the greatest common factor of r and 88.
8
Let k(d) = -2*d**3 + 14*d**2 - 3*d - 36. Let x be k(6). What is the highest common factor of x and 18?
18
Let q = -2 + 7. Let c be 595/(-14)*(-12)/q. What is the highest common divisor of c and 17?
17
Let t be 1/(-3) + 0 - 2546/(-114). What is the greatest common factor of 11 and t?
11
Let j = 259 + -121. Suppose s + j = 4*s. Calculate the highest common divisor of 23 and s.
23
Suppose f + 4*q - 38 = 30, 86 = 2*f - 2*q. Suppose -v + 4*z = -0*z - 32, -10 = 5*z. Calculate the greatest common divisor of v and f.
24
Let r = 1159 + -1061. What is the greatest common divisor of r and 84?
14
Let i(c) = -c**2 + c + 10. Let b be i(0). Let l = 24 - b. Calculate the greatest common factor of 112 and l.
14
Suppose 2 + 23 = 5*y - 4*b, 3*y = -3*b + 15. Let x be y + -3 + 4*6. Let n = 27 + 38. Calculate the highest common factor of n and x.
13
Let j(o) = -o**3 - 2*o**2 + 4*o + 5. Let f be j(-2). Let c(g) = -g**2 - 8*g - 3. Let z be c(f). What is the highest common factor of z and 3?
3
Suppose 2*r = 5*f + 7, 30*r = 32*r + f - 37. What is the highest common factor of r and 208?
16
Let j(f) = -f**3 + 8*f**2 + 5*f + 16. Let s be j(9). Let k be (-6)/s*-8*(-450)/36. Calculate the greatest common factor of k and 45.
15
Let p(i) = 56*i - 804. Let m be p(18). What is the highest common divisor of m and 12?
12
Let d = 1215 + -1203. What is the highest common divisor of 114 and d?
6
Let q(c) = c**3 + 18*c**2 - 62*c + 47. Let a be q(-21). Calculate the greatest common divisor of 26 and a.
26
Let g(j) = -j**2 + 25*j - 13. Let m be g(24). Calculate the greatest common divisor of 99 and m.
11
Suppose 3*a = 5*a - 68. Calculate the greatest common factor of a and 153.
17
Suppose 3 = i, -3*i = 4*k - k - 126. Calculate the highest common factor of k and 351.
39
Let p(x) = -x**3 + x**2 + x + 250. Let k be p(0). Let q = -31 - -56. What is the greatest common factor of k and q?
25
Let z be 8/6*(-18)/12. Let v be ((-72)/z)/3 - 0. Let o be 4/(v/15) + 2. What is the greatest common factor of 63 and o?
7
Let m be (142 + 7 + 1)/(0 + 1). What is the greatest common divisor of m and 5?
5
Let f = -79 - -111. Let n = -57 - -89. Suppose -2*h - n = -6*h. What is the greatest common divisor of f and h?
8
Suppose 15 = t + o, o = 2 + 1. What is the highest common factor of 32 and t?
4
Let h(r) = -132*r + 5. Let q be h(-6). Suppose -20*j + 323 = -q. What is the highest common factor of 140 and j?
28
Let z be (34/119)/((-2)/(-21)). Calculate the greatest common divisor of 11 and z.
1
Let g(p) = -2*p + 115. Let y be g(26). What is the greatest common factor of y and 105?
21
Let k(q) = q**3 + 8*q**2 - 16*q + 54. Let w be k(-9). Calculate the high